759
What are the prime factors of 4085?
5, 19, 43
List the prime factors of 1176.
2, 3, 7
What are the prime factors of 74224?
2, 4639
What are the prime factors of 4981?
17, 293
List the prime factors of 4935.
3, 5, 7, 47
List the prime factors of 2143.
2143
List the prime factors of 8809.
23, 383
List the prime factors of 13573.
7, 277
What are the prime factors of 3971?
11, 19
List the prime factors of 1363.
29, 47
What are the prime factors of 14220?
2, 3, 5, 79
List the prime factors of 4904.
2, 613
List the prime factors of 4831.
4831
List the prime factors of 7237.
7237
List the prime factors of 23413.
13, 1801
What are the prime factors of 1647?
3, 61
What are the prime factors of 4924?
2, 1231
What are the prime factors of 330?
2, 3, 5, 11
List the prime factors of 6864.
2, 3, 11, 13
List the prime factors of 465.
3, 5, 31
List the prime factors of 17532.
2, 3, 487
What are the prime factors of 8440?
2, 5, 211
What are the prime factors of 3315?
3, 5, 13, 17
List the prime factors of 4229.
4229
List the prime factors of 9513.
3, 7, 151
List the prime factors of 33781.
11, 37, 83
What are the prime factors of 17775?
3, 5, 79
List the prime factors of 12289.
12289
What are the prime factors of 13347?
3, 1483
What are the prime factors of 4854?
2, 3, 809
What are the prime factors of 156215?
5, 157, 199
What are the prime factors of 698?
2, 349
List the prime factors of 2254.
2, 7, 23
What are the prime factors of 2854?
2, 1427
List the prime factors of 3107.
13, 239
List the prime factors of 891.
3, 11
List the prime factors of 2989.
7, 61
What are the prime factors of 20795?
5, 4159
List the prime factors of 2338.
2, 7, 167
List the prime factors of 1909.
23, 83
List the prime factors of 2858.
2, 1429
What are the prime factors of 46462?
2, 13, 1787
List the prime factors of 15539.
41, 379
What are the prime factors of 10482?
2, 3, 1747
List the prime factors of 70098.
2, 3, 7, 1669
List the prime factors of 80815.
5, 7, 2309
What are the prime factors of 11236?
2, 53
List the prime factors of 94.
2, 47
List the prime factors of 3506.
2, 1753
What are the prime factors of 898?
2, 449
List the prime factors of 14355.
3, 5, 11, 29
List the prime factors of 19496.
2, 2437
What are the prime factors of 6404?
2, 1601
List the prime factors of 294.
2, 3, 7
What are the prime factors of 9979?
17, 587
What are the prime factors of 12349?
53, 233
List the prime factors of 3058.
2, 11, 139
What are the prime factors of 2600?
2, 5, 13
List the prime factors of 28864.
2, 11, 41
List the prime factors of 41456.
2, 2591
What are the prime factors of 12218?
2, 41, 149
What are the prime factors of 505?
5, 101
What are the prime factors of 5723?
59, 97
List the prime factors of 1361.
1361
List the prime factors of 71245.
5, 14249
List the prime factors of 21930.
2, 3, 5, 17, 43
What are the prime factors of 171?
3, 19
List the prime factors of 20678.
2, 7, 211
What are the prime factors of 88691?
31, 2861
List the prime factors of 17921.
17921
List the prime factors of 20989.
139, 151
What are the prime factors of 732?
2, 3, 61
List the prime factors of 38750.
2, 5, 31
What are the prime factors of 5662?
2, 19, 149
List the prime factors of 4523.
4523
What are the prime factors of 5865?
3, 5, 17, 23
What are the prime factors of 4150?
2, 5, 83
List the prime factors of 839.
839
What are the prime factors of 63600?
2, 3, 5, 53
What are the prime factors of 9242?
2, 4621
What are the prime factors of 1492?
2, 373
What are the prime factors of 7975?
5, 11, 29
What are the prime factors of 310?
2, 5, 31
What are the prime factors of 4139?
4139
List the prime factors of 18151.
7, 2593
What are the prime factors of 173071?
19, 9109
What are the prime factors of 15890?
2, 5, 7, 227
What are the prime factors of 32362?
2, 11, 1471
List the prime factors of 76.
2, 19
List the prime factors of 593.
593
List the prime factors of 1857.
3, 619
List the prime factors of 580.
2, 5, 29
What are the prime factors of 2912?
2, 7, 13
List the prime factors of 3428.
2, 857
What are the prime factors of 54?
2, 3
List the prime factors of 6646.
2, 3323
List the prime factors of 9380.
2, 5, 7, 67
What are the prime factors of 2186?
2, 1093
What are the prime factors of 479?
479
What are the prime factors of 13066?
2, 47, 139
List the prime factors of 3758.
2, 1879
List the prime factors of 63705.
3, 5, 31, 137
List the prime factors of 3496.
2, 19, 23
List the prime factors of 91395.
3, 5, 677
List the prime factors of 50530.
2, 5, 31, 163
List the prime factors of 610.
2, 5, 61
List the prime factors of 8419.
8419
What are the prime factors of 126570?
2, 3, 5, 4219
What are the prime factors of 741?
3, 13, 19
List the prime factors of 857.
857
What are the prime factors of 4603?
4603
What are the prime factors of 2251?
2251
List the prime factors of 1269.
3, 47
What are the prime factors of 8690?
2, 5, 11, 79
What are the prime factors of 6770?
2, 5, 677
What are the prime factors of 714?
2, 3, 7, 17
List the prime factors of 75927.
3, 25309
List the prime factors of 94.
2, 47
List the prime factors of 5482.
2, 2741
What are the prime factors of 97012?
2, 79, 307
List the prime factors of 4650.
2, 3, 5, 31
What are the prime factors of 4592?
2, 7, 41
List the prime factors of 3501.
3, 389
List the prime factors of 203.
7, 29
What are the prime factors of 5221?
23, 227
What are the prime factors of 61648?
2, 3853
List the prime factors of 295.
5, 59
List the prime factors of 1304.
2, 163
List the prime factors of 2895.
3, 5, 193
List the prime factors of 19960.
2, 5, 499
List the prime factors of 1714.
2, 857
List the prime factors of 1392.
2, 3, 29
List the prime factors of 161098.
2, 7, 37, 311
List the prime factors of 2017.
2017
List the prime factors of 1888.
2, 59
What are the prime factors of 118?
2, 59
List the prime factors of 25839.
3, 11, 29
What are the prime factors of 21647?
21647
List the prime factors of 123926.
2, 11, 43, 131
List the prime factors of 24656.
2, 23, 67
What are the prime factors of 429?
3, 11, 13
List the prime factors of 78494.
2, 13, 3019
What are the prime factors of 9698?
2, 13, 373
What are the prime factors of 235?
5, 47
What are the prime factors of 1233?
3, 137
List the prime factors of 9510.
2, 3, 5, 317
List the prime factors of 16412.
2, 11, 373
List the prime factors of 2164.
2, 541
What are the prime factors of 833?
7, 17
What are the prime factors of 12924?
2, 3, 359
What are the prime factors of 1653?
3, 19, 29
List the prime factors of 44974.
2, 113, 199
What are the prime factors of 662?
2, 331
What are the prime factors of 10476?
2, 3, 97
What are the prime factors of 7962?
2, 3, 1327
List the prime factors of 32186.
2, 7, 11, 19
What are the prime factors of 1117?
1117
List the prime factors of 24209.
43, 563
What are the prime factors of 123?
3, 41
List the prime factors of 27005.
5, 11, 491
What are the prime factors of 25133?
41, 613
What are the prime factors of 89659?
89659
What are the prime factors of 28909?
28909
List the prime factors of 27900.
2, 3, 5, 31
What are the prime factors of 1975?
5, 79
List the prime factors of 26.
2, 13
What are the prime factors of 11236?
2, 53
What are the prime factors of 1066?
2, 13, 41
List the prime factors of 18103.
43, 421
List the prime factors of 64102.
2, 32051
List the prime factors of 6139.
7, 877
What are the prime factors of 2003?
2003
What are the prime factors of 1603?
7, 229
What are the prime factors of 121535?
5, 109, 223
List the prime factors of 2837.
2837
List the prime factors of 37029.
3, 12343
List the prime factors of 2719.
2719
What are the prime factors of 27214?
2, 11, 1237
List the prime factors of 42223.
42223
List the prime factors of 75134.
2, 37567
List the prime factors of 8101.
8101
What are the prime factors of 10706?
2, 53, 101
List the prime factors of 80026.
2, 40013
What are the prime factors of 28948?
2, 7237
What are the prime factors of 20678?
2, 7, 211
What are the prime factors of 9778?
2, 4889
What are the prime factors of 165669?
3, 7, 23
What are the prime factors of 871?
13, 67
What are the prime factors of 17307?
3, 641
List the prime factors of 100053.
3, 11117
What are the prime factors of 3073?
7, 439
What are the prime factor